 Suppose -5*g = -c*g + 168. Calculate the greatest common divisor of 84 and g.
12
Suppose -14*r - 426 = -85*r. Calculate the greatest common factor of 60 and r.
6
Suppose -5*r + 31*r - 1014 = 0. Calculate the greatest common factor of 429 and r.
39
Suppose 0 = 3*q + b + b - 71, -5*b = -20. Suppose 2*i - 61 + q = 0. What is the highest common factor of i and 120?
20
Suppose 8 = -g + 7. Let z be (-15 - g)*-2*1/7. What is the highest common divisor of 44 and z?
4
Suppose g - 1 = 0, -5*o - 2*g = -0*g + 723. Let w = o + 217. Calculate the greatest common factor of w and 9.
9
Suppose 0 = 5*v - 4*j - 35, 2*j = v - 0*v - 7. What is the greatest common divisor of v and 658?
7
Let r = 171 + -270. Let m = r - -112. What is the highest common divisor of 13 and m?
13
Let y(l) = l**2 - 8*l - 11. Suppose c = 5 + 6. Let u be y(c). What is the highest common divisor of u and 110?
22
Let g(w) = w**2 + 14*w + 18. Let v be g(-13). Let u(l) = 6*l**2 + 6*l + 4. Let z be u(v). What is the greatest common factor of 23 and z?
23
Let k(n) = n**2 - 60*n + 428. Let r be k(54). Calculate the greatest common factor of r and 39.
13
Let p(u) be the third derivative of -1/2*u**3 + 0*u - 4*u**2 + 1/12*u**4 + 1/12*u**5 + 0. Let x be p(3). Calculate the greatest common divisor of 24 and x.
24
Suppose -2*o + o = -16. Suppose -3*v - v = 2*f - 22, -3*f = 4*v - 27. Suppose -v*w + 120 = -0*w. What is the highest common divisor of o and w?
8
Let r(s) = 6*s + 13. Let k be r(-17). Let b = 98 + k. What is the greatest common factor of 24 and b?
3
Suppose 24*k = 32*k - 96. Calculate the greatest common divisor of 924 and k.
12
Let i be 0 + -2 + -20*2/(-8). What is the greatest common divisor of 21 and i?
3
Let v be (-165)/(-3) - 15*6/18. What is the greatest common divisor of 10 and v?
10
Let w(f) be the first derivative of -f**4/4 + f**2 + 23*f + 18. Let i be w(0). What is the greatest common factor of 92 and i?
23
Let g(r) = -8*r**3 + 14*r - 4*r - 12 + 7*r**3 + 7*r**2 + 2. Let x be g(8). Calculate the highest common divisor of 15 and x.
3
Suppose -4*v + 4009 = -5*m, -19*m + 986 = v - 17*m. What is the greatest common factor of v and 24?
12
Let g be -5*((-1104)/60 + 8). Calculate the greatest common factor of g and 20.
4
Let t be (0 + -1)*760/(-20). Calculate the greatest common factor of 418 and t.
38
Suppose 13*p - 30 = 8*p. Calculate the highest common factor of 42 and p.
6
Let i(b) = -33*b + 1 + 9 + 180*b. Let f be i(3). What is the greatest common factor of f and 41?
41
Let u = 32 + -12. Let f be 10*(-6)/(-45) - (-3256)/33. What is the greatest common divisor of u and f?
20
Let f(s) = s**2 - 9*s + 42. Let b be f(7). What is the highest common factor of 4 and b?
4
Suppose 0 = -3*l - 7 + 37. What is the highest common factor of 370 and l?
10
Suppose k - 4*f - 97 = 0, 0 = k - f - f - 95. Suppose -3*t + k = -0*t. Calculate the greatest common divisor of t and 279.
31
Let z(o) = 6*o + 14. Let i be z(9). Let m = i - 4. Calculate the greatest common factor of 16 and m.
16
Suppose 2288 = 214*j - 206*j. Calculate the greatest common divisor of 130 and j.
26
Suppose -1313 = -8*s - 97. Let r(p) = -p**3 - 11*p**2 + 12*p + 8. Let w be r(-12). Calculate the highest common divisor of w and s.
8
Let s(w) = w + 10. Let q = -11 - -15. Let p be 1 - q - (-9)/3. Let j be s(p). Calculate the highest common factor of j and 4.
2
Let v(n) be the first derivative of n**2 - 19*n + 1. Let x be v(14). Let w be (42/x)/((-2)/(-12)). What is the greatest common factor of w and 4?
4
Suppose 18*m + m = 3420. What is the greatest common divisor of m and 36?
36
Suppose -2*x = 3*y - 62, 3*x - 2*y = -5*y + 87. Let g = 69 - x. Let u(j) = 7*j - 18. Let a be u(12). What is the highest common factor of a and g?
22
Suppose 4*r - q = q + 56, -4*q = -16. What is the greatest common divisor of 304 and r?
16
Suppose -2*m + 3*d + 516 = 6*d, 2*m + 2*d = 520. Calculate the highest common factor of 24 and m.
24
Let a be (-1 - 6)/(-1*1). Suppose -3*q + 708 = -s + 564, s - 101 = -2*q. Calculate the greatest common factor of a and q.
7
Let g be 23 + (-2)/((-2)/3). Suppose -q + d + g = -39, -d + 61 = q. Let o be -1 - 0 - 10*-1. Calculate the greatest common factor of o and q.
9
Let k = 461 - 326. What is the highest common divisor of 10 and k?
5
Suppose 5*l + 20 = l, 0 = z + 5*l - 316. Calculate the highest common factor of z and 22.
11
Let k(l) = -l**2 + 7*l + 15. Let a = -1 - -7. Let f be k(a). What is the greatest common factor of 7 and f?
7
Suppose -5*u + 4*y + 22 = 0, 2*y + 7 = 2*u + y. Suppose 33 = u*m + 7. What is the highest common divisor of m and 117?
13
Suppose 4*m = m - 4*b - 20, -5 = 4*m + b. Suppose h = 2*k - 174, h - 3*h - 8 = m. Calculate the highest common factor of 17 and k.
17
Let h be (-607)/(-5) - 14/35. Suppose 0 = 20*c - 31*c + h. What is the highest common divisor of 121 and c?
11
Let q = -134 + 274. Let v = q - 64. Suppose -2*o + 5*x = -8 - 30, -5*x + 95 = 5*o. What is the greatest common divisor of o and v?
19
Let f = 30 - 21. Let q = 97 - f. Calculate the greatest common divisor of q and 8.
8
Suppose 4*f - 6*d = -4*d + 1278, -2*d = -2*f + 634. Calculate the greatest common divisor of 207 and f.
23
Let k be 2736/45 - (-12)/(-15). What is the highest common divisor of 440 and k?
20
Let i = -12 + 67. Let o be (-988)/28 - 10/(-35). Let r = 46 + o. Calculate the highest common factor of i and r.
11
Suppose 0 = -16*r - 6895 + 32127. Calculate the highest common divisor of r and 19.
19
Let n = -135 - -510. Calculate the greatest common divisor of n and 875.
125
Let m be 9/18*-12 - -992. Calculate the greatest common divisor of m and 29.
29
Let r be 0 - 0 - (-1654 - -11). Suppose -3*l - 422 = -r. What is the highest common divisor of 37 and l?
37
Suppose 16*q - 1440 = -4*q. Let j = 102 - q. Calculate the highest common factor of j and 30.
30
Let l be (-182)/5 + -6*(-3)/(-30). Let t be (-2)/(-1*(1 - -1)) - l. Calculate the greatest common divisor of 95 and t.
19
Suppose -s - 4 = -3*s - 2*k, 0 = -k - 4. Suppose -s*b - 72 = -3*b. Let q = b - -27. What is the highest common divisor of q and 24?
3
Let j = -9 + -44. Let g be j/(-2) - 3/(-6). Let x be 2/(3 - 75/g). What is the greatest common factor of 3 and x?
3
Suppose 3*m = 0, 3*y - 2*m - 78 = -0*y. Calculate the greatest common divisor of y and 2.
2
Let i = -608 + 1919. Suppose 0 = 5*k - 3*j - i, j + 417 = -3*k + 1212. What is the greatest common factor of 24 and k?
24
Suppose -b + 5*c + 30 = 0, 2*c - 100 = 4*b - 238. Calculate the greatest common divisor of b and 259.
7
Suppose -1948 = -3*s + 1148. What is the highest common factor of s and 12?
12
Let p = -59 - -153. Suppose 0 = 5*n - p + 234. Let z be (-20)/(-35) - 3372/n. Calculate the greatest common factor of 11 and z.
11
Let u(q) = 2*q**2 + 8*q - 5. Let n = -2 - -7. Let r be u(n). Calculate the highest common divisor of r and 34.
17
Let o = 87 - 34. Calculate the highest common divisor of o and 1537.
53
Let u be 3 - ((3 - 1) + -4). Suppose -u*b = -b - 24. Suppose b = -2*d, -2*w - d + 34 = -15. What is the greatest common factor of w and 78?
26
Let a(l) = 3*l - 55. Let j be a(0). Let i = 59 + j. Calculate the greatest common divisor of i and 1.
1
Suppose -3*h = 2*h - 2*k + 43, -4*h + 2*k - 36 = 0. Let i be (36/h)/(24/(-224)). Calculate the greatest common factor of 12 and i.
12
Suppose -4*i - 17 = -73. Suppose -4*l = d + 19, d - 3*l + 8 = -4. Let z be (28/(-10))/(((-8)/d)/(-8)). What is the highest common divisor of i and z?
14
Let y(t) = -25*t + 58. Let j be y(10). Let x = 297 + j. What is the greatest common divisor of 42 and x?
21
Suppose 3*u = 17 - 5. Suppose 14 + u = 2*i. Let f(v) = -v**3 - 5*v**2 + 4*v + 6. Let o be f(-6). Calculate the greatest common factor of i and o.
9
Suppose 405 + 75 = 6*w. Suppose -7*a - w = -11*a. What is the highest common factor of a and 8?
4
Suppose 17 = 2*r - 6*d + 3*d, -r - 4*d = 19. Let b(g) = 2208*g - 2209*g + 1 - 9 + g**2. Let v be b(4). What is the highest common divisor of v and r?
1
Let z be (-12)/(-3)*32718/168. What is the highest common divisor of 82 and z?
41
Let h = -99 - -122. What is the greatest common divisor of 115 and h?
23
Let p(s) = 8*s - 9. Let r be p(5). Suppose i - r = y, 3*i + 0*y - 88 = 2*y. What is the highest common divisor of i and 26?
26
Let c = 35